, 5
Suppose 38 = 2*n - 2*h - 2*h, -5*n + 3*h + 109 = 0. Suppose 0 = -2*m - o - 2 + n, -4*m + 27 = -o. List the prime factors of m.
2
Suppose -4*z = -9*z + 310. List the prime factors of z.
2, 31
Let z = -3 - -7. List the prime factors of 332/20 - z/(-10).
17
Let f be ((-2)/(-4))/(4/32). Let m(a) = -4*a - 2. Let n be m(-2). Let k = n - f. List the prime factors of k.
2
Let s = 89 - 52. What are the prime factors of s?
37
Let m(i) = -i**3 - 7*i**2 + 10. Let j(b) = -b - 7. Let a be j(0). List the prime factors of m(a).
2, 5
Suppose 4*x = 17 + 47. Let j = x + -7. Suppose -3*i = i - y - 19, -i + j = 4*y. What are the prime factors of i?
5
Let q(s) = s**3 - 16*s**2 - 17*s + 19. What are the prime factors of q(17)?
19
Let k(d) = 3*d - 6. Let f be k(4). Let w = 9 - f. What are the prime factors of w?
3
Let k(t) = 12*t**3 - t**2 - t. What are the prime factors of k(2)?
2, 3, 5
Suppose 5*m = 105 + 10. What are the prime factors of m?
23
Let i = 501 - 279. List the prime factors of i.
2, 3, 37
Suppose 20 = 4*u, -3*u + 13 = -4*v + 3*v. Suppose -5*x + 2*x + 54 = -v*b, 5*x = b + 97. What are the prime factors of x?
2, 5
Let d be (-6*(1 - 3))/(-1). List the prime factors of d/(-9)*(-9)/(-6).
2
Let z(q) = 2*q + 61. Let x be z(0). Suppose 5*p = 44 + x. What are the prime factors of p?
3, 7
Suppose 2*h + 4 = 48. List the prime factors of h.
2, 11
Let j(q) = -q**3 - 2*q**2 - 3*q. Let c be j(-2). Suppose -10 - c = -m. What are the prime factors of m?
2
Let m be (2/(-4))/((-3)/(-6)). Let x = m + 1. Suppose u + x = 6. List the prime factors of u.
2, 3
Let t be (-2 - (-15)/6)*74. Suppose 0 = 4*k + 3*n - t, 2*n + 4 = -k + 17. What are the prime factors of k?
7
Suppose 3*f = -8 + 89. List the prime factors of f.
3
Suppose 8*a - 3*a = 5*o - 180, -6 = 2*a. What are the prime factors of o?
3, 11
Let r be 2/((-64)/(-34) + -2). List the prime factors of (r - -5)*(-6)/8.
3
Let a(k) = k**2 + 4*k - 6. Let u be a(11). List the prime factors of 7/14 - u/(-6).
3
Suppose 0 = 3*g + 1 - 7. List the prime factors of ((-8)/g)/((-5)/30).
2, 3
Suppose 3*f + 3*q + 30 = 0, -12 = 2*f + 4*q - 0*q. Let h = f - -29. What are the prime factors of h?
3, 5
Let p be 18/(-3)*(-15)/6. Let s = p - 11. Let a(o) = o - 2. What are the prime factors of a(s)?
2
Let j(c) = 3*c - 10. List the prime factors of j(10).
2, 5
Let k = 11 - 0. What are the prime factors of k?
11
Suppose -r - 2*j = -3*r + 30, -5*j = 4*r - 51. Let p = 11 + r. List the prime factors of (8/(-10))/((-2)/p).
2, 5
Suppose 3*k - 20 = -k. Let p(f) = -f**2 + 7*f. What are the prime factors of p(k)?
2, 5
Let l(c) = 2*c**2 - 6*c + 1. Let i be l(4). Let q(w) = -2*w**2 + w + 1. Let a be q(-1). Let y = a + i. What are the prime factors of y?
7
Suppose -3*v = 4*o - 28, 0*o + v = 3*o - 34. Suppose 4*t = 2*w - o, -5*w = 5*t - 142 + 57. What are the prime factors of w?
13
Suppose 29*x - 300 = 26*x. What are the prime factors of x?
2, 5
Let z be -10 - 0/(-2 + 1). Let n = 16 + z. What are the prime factors of n?
2, 3
Let g be 1/(2 + 195/(-99)). What are the prime factors of (-4)/6*g/(-2)?
11
Suppose i = 3*f - 372, -4*f + 172 + 324 = -5*i. List the prime factors of f.
2, 31
Let w = 16 + 4. What are the prime factors of w?
2, 5
Let s = 6 - 4. Suppose s = l - 0*l. Suppose l*i - 9 = i. What are the prime factors of i?
3
Let b be 2/(2/7) - 1. Let n = -3 + b. Suppose -33 = n*m - 6*m. What are the prime factors of m?
11
Suppose 4*v - 13 = 7. Suppose v*n - 4*s = 7, 3*s + 1 + 2 = 3*n. List the prime factors of n.
3
Let k(p) = -26*p - 44. List the prime factors of k(-5).
2, 43
Let g(v) = 3*v**2 + v. What are the prime factors of g(-3)?
2, 3
Let h(n) = 3*n**2 + 2*n + 1. Let j be h(2). Let p = j + -1. What are the prime factors of p?
2
Suppose 15 = 5*x - 0. List the prime factors of x.
3
Let f = 105 + 40. Let z = -55 + f. Suppose 3*u = u + 2*q + 48, 0 = 4*u + 2*q - z. What are the prime factors of u?
23
Suppose -6 = -3*t + 3*m, -6 = -5*t + 4*m + 3. What are the prime factors of (t + (2 - 0))*2?
2, 3
Let h = -104 + 206. What are the prime factors of h?
2, 3, 17
Let s(d) = -2 + d - 2*d - 1. List the prime factors of s(-5).
2
Let h = 1 - -3. Suppose -h*b + 61 + 11 = 0. List the prime factors of b.
2, 3
Let l(m) = 3*m**3 + 2*m - 2. List the prime factors of l(4).
2, 3, 11
Let u(w) = 6*w. Let o(a) = -a - 5. Suppose 0*m = -m - 6. Let j be o(m). List the prime factors of u(j).
2, 3
Let v = 92 - -2. What are the prime factors of v?
2, 47
Let x be (-3)/15 - 22/(-10). Let v be -4 - ((-4)/x)/(-2). Let w(p) = -p - 3. What are the prime factors of w(v)?
2
Let c be (1 + -1)/(-1 - -2). Suppose c = -5*u + 13 + 32. List the prime factors of u.
3
Suppose 10 = 2*g + l, 5*g - 2*l = -6*l + 31. Suppose g*u - 100 = 5*q, 2*u - q = -5*q + 30. List the prime factors of u.
5
Let v = 122 - 71. List the prime factors of v.
3, 17
Suppose j + 2*j - 261 = 0. What are the prime factors of j?
3, 29
Let m = 3 + -5. List the prime factors of 1*(2 + m + 6).
2, 3
Let y = -18 + 13. What are the prime factors of 24*(-3 - y) + -3?
3, 5
Suppose -3*i + 3 = -2*i. Suppose 4*n - 4*k - 52 = -n, 0 = -i*n + 3*k + 33. What are the prime factors of n?
2
Let n be -1 - 1 - (0 + -3). List the prime factors of 33 + (-2 + 0)*n.
31
Let x be -3*-4*(-2)/6. Let t be 1 - (-3 - x)/1. List the prime factors of (1 - t)/((-2)/(-6)).
3
Let v(a) = -a**2 + 9*a - 5. Let z be v(8). Suppose 43 = -3*b + 5*l, 5*b - 4 + 19 = -z*l. List the prime factors of (-33)/(b/2) + 1.
2, 3
Let n(z) = z**2 - z. List the prime factors of n(-1).
2
Let v = 6 + -2. Suppose 5*w + 3*p = 60, 3*p + 27 = v*w - 21. Suppose -c = c - w. List the prime factors of c.
2, 3
Suppose -3*h = -8*h - 5. Let k be 2 - (-6)/(h + 4). Let x(d) = 4*d - 4. List the prime factors of x(k).
2, 3
Let c(r) = -3*r**3 - 6*r**2 + r - 4. What are the prime factors of c(-5)?
2, 3
Let l be 1 - (-1 + 2)*-11. Suppose 0 = 3*j - 3 - l, -2*j = 2*k - 34. List the prime factors of k.
2, 3
Let x(g) = 8*g + 7. Let d be x(-7). Let a = -35 - d. List the prime factors of a.
2, 7
Let j be (-2 - 1*-2)/2. Let u(q) = q**2 - q - 6. Let m(a) = -a**2 + 1. Let w(o) = -2*m(o) - u(o). List the prime factors of w(j).
2
Suppose 5*g - 158 = 3*p + 225, g - 675 = 5*p. Let s = -92 - p. List the prime factors of s.
2, 11
Let a be -3 - ((1 - 1) + 0). List the prime factors of 30/(-3 + (-15)/a).
3, 5
Suppose -n + 5*u + 16 = 0, 0 = -2*n - 3*u - 14 - 6. What are the prime factors of (-114)/(-15) + n/(-10)?
2
Suppose 2*m - 4*m + 102 = 0. Suppose 6*q = 3*q + m. What are the prime factors of q?
17
Suppose -12 - 333 = -5*b. Suppose 5 = 5*x, 4*t + 3*x + 2*x = b. Suppose -m + t = -n + 2*n, -24 = -3*m + 3*n. List the prime factors of m.
2, 3
Let y be (4/8)/((-4)/(-88)). Let m(x) = 2*x**2 - 4*x + 3. Let a be m(4). Let v = a - y. List the prime factors of v.
2
Let q(b) = -b**2 + b. Let n(j) = -3*j**2 + 15*j + 1. Let g(i) = -n(i) + 4*q(i). What are the prime factors of g(-8)?
23
Let s(p) = -p - 3. Let x be s(-8). Suppose -x*q - f + 179 = 0, -5*f + 28 = 8. List the prime factors of q.
5, 7
Let y be (-3)/(-1) + -1 - -397. List the prime factors of (-6)/10 - y/(-15).
2, 13
Let v(p) = 2*p - 28. Let k be v(12). Let j = -1 + -7. Let i = k - j. List the prime factors of i.
2
Let q(t) = 4*t**2 + 5*t + 7. What are the prime factors of q(4)?
7, 13
Let w = 172 + -55. What are the prime factors of w?
3, 13
Let l be (6 - 0)*21/(-14). Suppose 2*h + 0 = -4. List the prime factors of (-69)/l - h/6.
2
Let m(w) = -3*w - 4. Let l be m(7). Let f = l + 38. List the prime factors of f.
13
Suppose 5*n - 15 = 2*p, 2*p + 11 - 2 = -n. Let y = 13 - 3. Let w = y + p. List the prime factors of w.
5
What are the prime factors of 724/14 - 2/(-7)?
2, 13
Suppose 5*s = 10*s. Suppose 0 = -s*t + 3*t + 3*b - 153, 2*t = -4*b + 104. List the prime factors of t.
2, 5
Suppose -8*b + 264 = -0*b. What are the prime factors of b?
3, 11
Suppose -7*j + 201 = -4*j. What are the prime factors of j?
67
Let c(f) = f**3 + 11*f**2 + 2*f - 6. What are the prime factors of c(-7)?
2, 11
Suppose 0*v = 2*v + 6. List the prime factors of (v - (11 + -3))*-1.
11
Let a be 5 - 10 - 2/2. List the prime factors of 5/2*a*-1.
3, 5
Let u = -4 + 4. Suppose u = v + v. Suppose -4*m = -v*m - 32. List the prime factors of m.
2
Suppose -2*c = l - 0*l - 541, 3*l + 3 = 0. What are the prime fact